List the prime factors of 64014851.
883, 72497
What are the prime factors of 897634908?
2, 3, 24934303
List the prime factors of 6148236873.
3, 317, 6465023
What are the prime factors of 144124942?
2, 13, 293, 18919
List the prime factors of 3444253896.
2, 3, 163, 367, 2399
What are the prime factors of 42332314?
2, 21166157
List the prime factors of 477644963.
19991, 23893
List the prime factors of 7779660.
2, 3, 5, 7, 18523
List the prime factors of 42171672.
2, 3, 1757153
List the prime factors of 24926922.
2, 3, 1384829
List the prime factors of 194620793.
179, 181, 6007
What are the prime factors of 2655502086?
2, 3, 1847, 239623
What are the prime factors of 7207206455?
5, 1441441291
What are the prime factors of 215842295?
5, 43168459
What are the prime factors of 65501089?
4003, 16363
What are the prime factors of 213861267?
3, 349, 68087
List the prime factors of 829280678.
2, 41, 10113179
What are the prime factors of 58510992?
2, 3, 733, 1663
What are the prime factors of 1575727003?
15061, 104623
List the prime factors of 2319926955.
3, 5, 89, 1737773
What are the prime factors of 106203316?
2, 167, 173, 919
What are the prime factors of 448646442?
2, 3, 131, 257, 2221
List the prime factors of 82499273.
19, 4342067
What are the prime factors of 387111002?
2, 61, 523, 6067
What are the prime factors of 47127556?
2, 7, 499, 3373
What are the prime factors of 383171424?
2, 3, 3991369
What are the prime factors of 44629297?
44629297
What are the prime factors of 2815587484?
2, 7741, 90931
List the prime factors of 140039597.
140039597
List the prime factors of 1024387116.
2, 3, 85365593
What are the prime factors of 735380575?
5, 5209, 5647
What are the prime factors of 203503689?
3, 22611521
What are the prime factors of 2283062458?
2, 19, 60080591
List the prime factors of 806105659.
806105659
What are the prime factors of 117698067?
3, 83, 157561
List the prime factors of 146914977.
3, 11, 103, 43223
What are the prime factors of 222014971?
222014971
What are the prime factors of 4570376417?
113, 40445809
What are the prime factors of 2377070520?
2, 3, 5, 11, 1800811
List the prime factors of 1446527121.
3, 13, 37090439
List the prime factors of 110058558.
2, 3, 18343093
What are the prime factors of 279781578?
2, 3, 103, 150907
List the prime factors of 1709252521.
19, 23, 251, 15583
What are the prime factors of 1142704329?
3, 13, 97, 379, 797
What are the prime factors of 200227711?
200227711
List the prime factors of 5185398.
2, 3, 67, 12899
What are the prime factors of 228373095?
3, 5, 23, 661951
List the prime factors of 421214203.
23, 18313661
List the prime factors of 747154056.
2, 3, 11, 2830129
List the prime factors of 1633156545.
3, 5, 281, 387463
List the prime factors of 380547104.
2, 7, 1698871
What are the prime factors of 765926769?
3, 113, 2259371
What are the prime factors of 83758656?
2, 3, 53, 8231
What are the prime factors of 92137088?
2, 719821
What are the prime factors of 134911888?
2, 8431993
What are the prime factors of 51532317?
3, 97, 59029
List the prime factors of 485877930.
2, 3, 5, 16195931
List the prime factors of 3620497777.
13, 278499829
List the prime factors of 24901270.
2, 5, 2490127
What are the prime factors of 297852414?
2, 3, 59, 841391
What are the prime factors of 49838205?
3, 5, 3322547
List the prime factors of 566394996.
2, 3, 47199583
What are the prime factors of 523790393?
7, 74827199
List the prime factors of 30162986.
2, 7, 2154499
What are the prime factors of 399988029?
3, 7, 2721007
What are the prime factors of 2094692292?
2, 3, 7, 11, 251887
What are the prime factors of 53151699?
3, 17717233
List the prime factors of 56208617.
56208617
List the prime factors of 5772071.
53, 108907
List the prime factors of 22883521.
137, 167033
List the prime factors of 3574861727.
251, 439, 32443
List the prime factors of 1781805654.
2, 3, 83, 397547
List the prime factors of 450691632.
2, 3, 3129803
List the prime factors of 109201077.
3, 127, 95539
What are the prime factors of 2076038?
2, 1038019
What are the prime factors of 139005252?
2, 3, 41, 2297
What are the prime factors of 96924890?
2, 5, 19, 26849
List the prime factors of 1123461802.
2, 5171, 108631
List the prime factors of 156027200.
2, 5, 7, 13931
What are the prime factors of 9024556?
2, 23, 233, 421
List the prime factors of 255473721.
3, 28385969
What are the prime factors of 13067477?
2273, 5749
What are the prime factors of 9190561?
9190561
What are the prime factors of 27990335?
5, 5598067
List the prime factors of 285564345.
3, 5, 11, 1730693
List the prime factors of 78967771.
17, 4645163
What are the prime factors of 67577847?
3, 22525949
What are the prime factors of 789346321?
789346321
What are the prime factors of 219676123?
271, 743, 1091
What are the prime factors of 759719937?
3, 137, 1848467
What are the prime factors of 3414125951?
71, 293, 164117
List the prime factors of 32345752.
2, 19, 212801
List the prime factors of 450819073.
17, 26518769
What are the prime factors of 9580304?
2, 313, 1913
What are the prime factors of 150529867?
197, 764111
List the prime factors of 1868674902.
2, 3, 311445817
What are the prime factors of 2884943626?
2, 34429, 41897
List the prime factors of 247208013.
3, 13, 71, 29759
What are the prime factors of 1747453205?
5, 17, 37, 15017
What are the prime factors of 71820780?
2, 3, 5, 1197013
What are the prime factors of 1902672?
2, 3, 73, 181
What are the prime factors of 308424259?
11, 13, 2156813
List the prime factors of 61006274.
2, 7, 622513
What are the prime factors of 5809041?
3, 7, 19, 23, 211
What are the prime factors of 224019540?
2, 3, 5, 17, 23, 1061
List the prime factors of 1078609028.
2, 7, 38521751
What are the prime factors of 56500663?
443, 127541
List the prime factors of 1141100794.
2, 23, 37, 670447
What are the prime factors of 154576360?
2, 5, 3864409
What are the prime factors of 34833475?
5, 823, 1693
List the prime factors of 678969910.
2, 5, 4813, 14107
List the prime factors of 1529427818.
2, 73, 10475533
What are the prime factors of 1412592479?
3253, 434243
What are the prime factors of 56856994?
2, 29, 980293
List the prime factors of 138790470.
2, 3, 5, 7, 13, 50839
List the prime factors of 44944929.
3, 1664627
What are the prime factors of 577665080?
2, 5, 14441627
What are the prime factors of 1599896136?
2, 3, 431, 154669
What are the prime factors of 3730907949?
3, 1243635983
What are the prime factors of 463488631?
463488631
List the prime factors of 2175116663.
17, 2647, 48337
List the prime factors of 743478291.
3, 1481, 18593
What are the prime factors of 2822267?
7, 403181
What are the prime factors of 143697306?
2, 3, 131, 182821
What are the prime factors of 2651500010?
2, 5, 2657, 99793
What are the prime factors of 2855797774?
2, 19, 75152573
What are the prime factors of 13815263?
7, 11, 59, 3041
List the prime factors of 2456549381.
11, 13, 1561697
List the prime factors of 52501162.
2, 7, 47, 73, 1093
List the prime factors of 1512799.
19, 79621
What are the prime factors of 882942671?
13, 29, 421, 5563
List the prime factors of 231393851.
13, 17, 1047031
List the prime factors of 11311872.
2, 3, 11, 13, 103
List the prime factors of 8102566685.
5, 157, 10321741
List the prime factors of 940336558.
2, 7, 41, 67, 499
List the prime factors of 223056783.
3, 23, 47, 101, 227
List the prime factors of 1573612701.
3, 17, 37, 833923
List the prime factors of 7889122507.
7, 18251, 61751
List the prime factors of 184360262.
2, 92180131
List the prime factors of 170607072.
2, 3, 601, 2957
What are the prime factors of 92058890?
2, 5, 7, 11, 119557
List the prime factors of 20810754.
2, 3, 17, 47, 1447
List the prime factors of 60445697.
13, 1993, 2333
List the prime factors of 596736555.
3, 5, 37, 1075201
What are the prime factors of 2916494889?
3, 7, 11, 19, 557, 1193
What are the prime factors of 43647038?
2, 211, 293, 353
What are the prime factors of 50185615?
5, 17, 61, 9679
List the prime factors of 902629063.
7, 41, 3145049
What are the prime factors of 487659922?
2, 4733, 51517
List the prime factors of 141355598.
2, 31, 389, 5861
What are the prime factors of 25313446?
2, 239, 52957
List the prime factors of 552